{"id":226,"date":"2014-11-18T09:49:41","date_gmt":"2014-11-18T09:49:41","guid":{"rendered":"http:\/\/allsleep.be\/?page_id=226"},"modified":"2016-06-14T12:55:35","modified_gmt":"2016-06-14T12:55:35","slug":"lattenbodem","status":"publish","type":"page","link":"https:\/\/allsleep.be\/?page_id=226","title":{"rendered":"Lattenbodem"},"content":{"rendered":"<p><a href=\"http:\/\/allsleep.be\/wp-content\/uploads\/2014\/11\/lattenbodem.png\"><img loading=\"lazy\" decoding=\"async\" data-attachment-id=\"229\" data-permalink=\"https:\/\/allsleep.be\/?attachment_id=229\" data-orig-file=\"https:\/\/allsleep.be\/wp-content\/uploads\/2014\/11\/lattenbodem.png\" data-orig-size=\"290,174\" data-comments-opened=\"0\" data-image-meta=\"{&quot;aperture&quot;:&quot;0&quot;,&quot;credit&quot;:&quot;&quot;,&quot;camera&quot;:&quot;&quot;,&quot;caption&quot;:&quot;&quot;,&quot;created_timestamp&quot;:&quot;0&quot;,&quot;copyright&quot;:&quot;&quot;,&quot;focal_length&quot;:&quot;0&quot;,&quot;iso&quot;:&quot;0&quot;,&quot;shutter_speed&quot;:&quot;0&quot;,&quot;title&quot;:&quot;&quot;,&quot;orientation&quot;:&quot;0&quot;}\" data-image-title=\"lattenbodem\" data-image-description=\"\" data-image-caption=\"\" data-medium-file=\"https:\/\/allsleep.be\/wp-content\/uploads\/2014\/11\/lattenbodem.png\" data-large-file=\"https:\/\/allsleep.be\/wp-content\/uploads\/2014\/11\/lattenbodem.png\" class=\"alignright size-full wp-image-229\" src=\"http:\/\/allsleep.be\/wp-content\/uploads\/2014\/11\/lattenbodem.png\" alt=\"lattenbodem\" width=\"290\" height=\"174\" \/><\/a>Een lattenbodem bestaat uit een houten of metalen frame met daarin latten die kunnen veren en soms ook kantelen. De latten zijn gemaakt van hout, glasvezel of een combinatie van materialen en worden onder druk opgespannen in het frame.<\/p>\n<p>Het aantal latten per lattenbodem kan nogal verschillen: van 14 tot meer dan het dubbele. Uiteraard be\u00efnvloedt dat ook de breedte en de dikte van de latten. Verder kunnen ook kromming, veerkracht of gewoon kleur verschillen, en soms zitten er zelfs meerdere soorten latten in \u00e9\u00e9n bodem: zachtere latten aan de schouders en regelbare, verstevigde latten in de middenzone van je lichaam<\/p>\n<p>Uit het aantal latten, kleur, materiaal, dikte en meer van dat soort dingen kun je onmogelijk conclusies trekken over de kwaliteit en het ligcomfort van de lattenbodem. Er is wel een gouden regel voor de conformiteit : een goede lattenbodem garandeert een ze hoog mogelijke veerkracht over het volledige ligoppervlak. Lig je op de zijkant van je bed, dan zal een goede lattenbodem dus ook hier enige veerkracht garanderen.<\/p>\n<p><a href=\"http:\/\/lattoflex.be\">www.lattoflex.be<\/a><\/p>\n<p><a href=\"http:\/\/www.recorbedding.be\/content.php?hmID=10&amp;smID=51&amp;ssmID=130\">http:\/\/www.recorbedding.be\/content.php?<\/a><a href=\"http:\/\/www.recorbedding.be\/content.php?hmID=10&amp;smID=51&amp;ssmID=130\">hmID=10&amp;smID=51&amp;ssmID=130<\/a><\/p>\n<p>&nbsp;<\/p>\n<p>&nbsp;<\/p>\n<p>&nbsp;<\/p>\n","protected":false},"excerpt":{"rendered":"<p>Een lattenbodem bestaat uit een houten of metalen frame met daarin latten die kunnen veren en soms ook kantelen. De latten zijn gemaakt van hout, glasvezel of een combinatie van materialen en worden onder druk opgespannen in het frame. Het aantal latten per lattenbodem kan nogal verschillen: van 14 tot meer dan het dubbele. Uiteraard &hellip; <a href=\"https:\/\/allsleep.be\/?page_id=226\" class=\"more-link\">Lees verder <span class=\"screen-reader-text\">Lattenbodem<\/span> <span class=\"meta-nav\">&rarr;<\/span><\/a><\/p>\n","protected":false},"author":1,"featured_media":0,"parent":0,"menu_order":0,"comment_status":"closed","ping_status":"closed","template":"","meta":{"_exactmetrics_skip_tracking":false,"_exactmetrics_sitenote_active":false,"_exactmetrics_sitenote_note":"","_exactmetrics_sitenote_category":0,"jetpack_post_was_ever_published":false,"two_page_speed":[],"footnotes":""},"categories":[9],"tags":[],"class_list":["post-226","page","type-page","status-publish","hentry","category-bedbodems"],"jetpack_shortlink":"https:\/\/wp.me\/P5fuMi-3E","jetpack_likes_enabled":true,"jetpack-related-posts":[{"id":248,"url":"https:\/\/allsleep.be\/?page_id=248","url_meta":{"origin":226,"position":0},"title":"Boxsprings","author":"allsleep","date":"november 18, 2014","format":false,"excerpt":"Boxspring Een boxspring - ook weleens springbak of ressortbak genoemd - is een onderconstructie in een houten frame met een groot aantal verticale binnenveren. De binnenvering wordt meestal afgedekt met een aantal toplagen, waaronder drukverdeler en schuim. Daaromheen komt nog een hoes of tijk. Je plaatst er poten onder, en\u2026","rel":"","context":"In &quot;Bedbodems&quot;","block_context":{"text":"Bedbodems","link":"https:\/\/allsleep.be\/?cat=9"},"img":{"alt_text":"","src":"","width":0,"height":0},"classes":[]},{"id":805,"url":"https:\/\/allsleep.be\/?page_id=805","url_meta":{"origin":226,"position":1},"title":"Mybed veersysteem","author":"allsleep","date":"november 5, 2016","format":false,"excerpt":"\u00a0 Dit uniek veersysteem van druk en tegendruk zorgt altijd voor de juiste slaaphouding. De zelfregulerende bedbodem, beweegt ongemerkt mee met elke beweging en ondersteunt uw lichaam perfect in elke slaaphouding. De interactieve bedbodem maakt gebruik van latten die door \u00a0 \u00a0 \u00a0 \u00a0 \u00a0 \u00a03D-elementen worden aangestuurd en is\u2026","rel":"","context":"Soortgelijk bericht","block_context":{"text":"Soortgelijk bericht","link":""},"img":{"alt_text":"","src":"https:\/\/i0.wp.com\/allsleep.be\/wp-content\/uploads\/2019\/03\/photo-122-e1552133130967.jpg?resize=350%2C200","width":350,"height":200},"classes":[]},{"id":185,"url":"https:\/\/allsleep.be\/?page_id=185","url_meta":{"origin":226,"position":2},"title":"Schuimmatrassen","author":"allsleep","date":"november 4, 2014","format":false,"excerpt":"De kern van een schuimmatras bestaat uit \u00e9\u00e9n groot blok schuim. We bekijken dadelijk hoe dat schuim eruitziet en welke soorten er allemaal bestaan, maar eerst sommen we de factoren op die bepalend zijn voor de kwaliteit van de matras. 1. Dichtheid Onder de dichtheid of densiteit verstaan we het\u2026","rel":"","context":"In &quot;Matrassen&quot;","block_context":{"text":"Matrassen","link":"https:\/\/allsleep.be\/?cat=6"},"img":{"alt_text":"","src":"https:\/\/i0.wp.com\/allsleep.be\/wp-content\/uploads\/2014\/11\/schuimrubber-300x240.jpg?resize=350%2C200","width":350,"height":200},"classes":[]},{"id":144,"url":"https:\/\/allsleep.be\/?page_id=144","url_meta":{"origin":226,"position":3},"title":"MATRASSEN","author":"allsleep","date":"november 4, 2014","format":false,"excerpt":"\u00a0 \u00a0 \u00a0 Een matras bestaat uit een kern, eventueel een of meer afdeklagen, en een hoes. Soms is de hoes afritsbaar, zodat je die kunt reinigen. De dikte varieert van zowat 14 tot ongeveer 26 cm. Er bestaan drie belangrijke types : 1. Schuimmatrassen 2. Latexmatrassen 3. Verenmatrassen","rel":"","context":"Soortgelijk bericht","block_context":{"text":"Soortgelijk bericht","link":""},"img":{"alt_text":"","src":"","width":0,"height":0},"classes":[]},{"id":138,"url":"https:\/\/allsleep.be\/?page_id=138","url_meta":{"origin":226,"position":4},"title":"Verenmatrassen","author":"allsleep","date":"november 4, 2014","format":false,"excerpt":"\u00a0 Recoil\u00ae Pocketveren De\u00a0Recoil\u00ae-veren zijn tonvormig en behouden onder elke hoekbelasting dezelfde prestaties: krachtig, evenredige en bl\u0133vende hypertensie of terugveerkracht. Ze garanderen een maximale ondersteuning t\u0133dens het slapen en een begeleidende stuwkracht t\u0133dens het bewegen in de slaap. De speciale voorspanning gaat bovendien kuilvorming tegen. Recoil\u00ae tonvormig individuele werking bevat\u2026","rel":"","context":"In &quot;Matrassen&quot;","block_context":{"text":"Matrassen","link":"https:\/\/allsleep.be\/?cat=6"},"img":{"alt_text":"","src":"https:\/\/i0.wp.com\/allsleep.be\/wp-content\/uploads\/2019\/03\/recoil-pocketveren-115.jpg?resize=350%2C200","width":350,"height":200,"srcset":"https:\/\/i0.wp.com\/allsleep.be\/wp-content\/uploads\/2019\/03\/recoil-pocketveren-115.jpg?resize=350%2C200 1x, https:\/\/i0.wp.com\/allsleep.be\/wp-content\/uploads\/2019\/03\/recoil-pocketveren-115.jpg?resize=525%2C300 1.5x, https:\/\/i0.wp.com\/allsleep.be\/wp-content\/uploads\/2019\/03\/recoil-pocketveren-115.jpg?resize=700%2C400 2x, https:\/\/i0.wp.com\/allsleep.be\/wp-content\/uploads\/2019\/03\/recoil-pocketveren-115.jpg?resize=1050%2C600 3x"},"classes":[]},{"id":107,"url":"https:\/\/allsleep.be\/?page_id=107","url_meta":{"origin":226,"position":5},"title":"De basics van een goed bed","author":"allsleep","date":"november 4, 2014","format":false,"excerpt":"\u00a0 Conformiteit, hardheid, warmte-isolatie en vochtregulatie : die vier eigenschappen van het bed zijn fundamenteel voor een goede nachtrust. Conformiteit Conformiteit geeft aan hoe goed je slaapsysteem zich aanpast aan je lichaamsvormen, rekening houdend met de verdeling van je gewicht over je lichaam. Hardheid Hardheid geeft aan hoe diep we\u2026","rel":"","context":"In &quot;Gezond slapen&quot;","block_context":{"text":"Gezond slapen","link":"https:\/\/allsleep.be\/?cat=1"},"img":{"alt_text":"","src":"https:\/\/i0.wp.com\/allsleep.be\/wp-content\/uploads\/2019\/03\/basica.jpg?resize=350%2C200","width":350,"height":200,"srcset":"https:\/\/i0.wp.com\/allsleep.be\/wp-content\/uploads\/2019\/03\/basica.jpg?resize=350%2C200 1x, https:\/\/i0.wp.com\/allsleep.be\/wp-content\/uploads\/2019\/03\/basica.jpg?resize=525%2C300 1.5x, https:\/\/i0.wp.com\/allsleep.be\/wp-content\/uploads\/2019\/03\/basica.jpg?resize=700%2C400 2x, https:\/\/i0.wp.com\/allsleep.be\/wp-content\/uploads\/2019\/03\/basica.jpg?resize=1050%2C600 3x"},"classes":[]}],"jetpack_sharing_enabled":true,"_links":{"self":[{"href":"https:\/\/allsleep.be\/index.php?rest_route=\/wp\/v2\/pages\/226","targetHints":{"allow":["GET"]}}],"collection":[{"href":"https:\/\/allsleep.be\/index.php?rest_route=\/wp\/v2\/pages"}],"about":[{"href":"https:\/\/allsleep.be\/index.php?rest_route=\/wp\/v2\/types\/page"}],"author":[{"embeddable":true,"href":"https:\/\/allsleep.be\/index.php?rest_route=\/wp\/v2\/users\/1"}],"replies":[{"embeddable":true,"href":"https:\/\/allsleep.be\/index.php?rest_route=%2Fwp%2Fv2%2Fcomments&post=226"}],"version-history":[{"count":5,"href":"https:\/\/allsleep.be\/index.php?rest_route=\/wp\/v2\/pages\/226\/revisions"}],"predecessor-version":[{"id":754,"href":"https:\/\/allsleep.be\/index.php?rest_route=\/wp\/v2\/pages\/226\/revisions\/754"}],"wp:attachment":[{"href":"https:\/\/allsleep.be\/index.php?rest_route=%2Fwp%2Fv2%2Fmedia&parent=226"}],"wp:term":[{"taxonomy":"category","embeddable":true,"href":"https:\/\/allsleep.be\/index.php?rest_route=%2Fwp%2Fv2%2Fcategories&post=226"},{"taxonomy":"post_tag","embeddable":true,"href":"https:\/\/allsleep.be\/index.php?rest_route=%2Fwp%2Fv2%2Ftags&post=226"}],"curies":[{"name":"wp","href":"https:\/\/api.w.org\/{rel}","templated":true}]}}