{"id":232,"date":"2014-11-18T10:17:52","date_gmt":"2014-11-18T10:17:52","guid":{"rendered":"http:\/\/allsleep.be\/?page_id=232"},"modified":"2016-06-14T12:57:20","modified_gmt":"2016-06-14T12:57:20","slug":"schotelbodem","status":"publish","type":"page","link":"https:\/\/allsleep.be\/?page_id=232","title":{"rendered":"Schotelbodem"},"content":{"rendered":"<p>&nbsp;<\/p>\n<p><a href=\"http:\/\/allsleep.be\/wp-content\/uploads\/2014\/11\/winx1.jpg\"><img loading=\"lazy\" decoding=\"async\" data-attachment-id=\"234\" data-permalink=\"https:\/\/allsleep.be\/?attachment_id=234\" data-orig-file=\"https:\/\/allsleep.be\/wp-content\/uploads\/2014\/11\/winx1.jpg\" data-orig-size=\"299,168\" data-comments-opened=\"0\" data-image-meta=\"{&quot;aperture&quot;:&quot;0&quot;,&quot;credit&quot;:&quot;&quot;,&quot;camera&quot;:&quot;&quot;,&quot;caption&quot;:&quot;&quot;,&quot;created_timestamp&quot;:&quot;0&quot;,&quot;copyright&quot;:&quot;&quot;,&quot;focal_length&quot;:&quot;0&quot;,&quot;iso&quot;:&quot;0&quot;,&quot;shutter_speed&quot;:&quot;0&quot;,&quot;title&quot;:&quot;&quot;,&quot;orientation&quot;:&quot;0&quot;}\" data-image-title=\"winx1\" data-image-description=\"\" data-image-caption=\"\" data-medium-file=\"https:\/\/allsleep.be\/wp-content\/uploads\/2014\/11\/winx1.jpg\" data-large-file=\"https:\/\/allsleep.be\/wp-content\/uploads\/2014\/11\/winx1.jpg\" class=\"alignright size-full wp-image-234\" src=\"http:\/\/allsleep.be\/wp-content\/uploads\/2014\/11\/winx1.jpg\" alt=\"winx1\" width=\"299\" height=\"168\" \/><br \/>\n<\/a><\/p>\n<p>Schotelbodems zijn gemaakt van kunststof. Ze bestaan uit kleine schotels die gemonteerd worden op onderlatten. De schotels zijn doorgaans zachter ter hoogte van de schouders en steviger in de middenzone. Ze kunnen veren en kantelen, zijn zeer flexibel en je kunt de hardheid vaak per lichaamszone instellen. Bij een schotelbodem worden de krachten erg gelijkmatig verdeeld over de breedte en de lengte &#8211;\u00a0 je hebt dus geen zones die t\u00e9 hard of t\u00e9 zacht zijn.<\/p>\n<p>&nbsp;<\/p>\n<p><a href=\"http:\/\/lattoflex.be\">lattoflex.be<\/a><\/p>\n<p>&nbsp;<\/p>\n","protected":false},"excerpt":{"rendered":"<p>&nbsp; Schotelbodems zijn gemaakt van kunststof. Ze bestaan uit kleine schotels die gemonteerd worden op onderlatten. De schotels zijn doorgaans zachter ter hoogte van de schouders en steviger in de middenzone. Ze kunnen veren en kantelen, zijn zeer flexibel en je kunt de hardheid vaak per lichaamszone instellen. Bij een schotelbodem worden de krachten erg &hellip; <a href=\"https:\/\/allsleep.be\/?page_id=232\" class=\"more-link\">Lees verder <span class=\"screen-reader-text\">Schotelbodem<\/span> <span class=\"meta-nav\">&rarr;<\/span><\/a><\/p>\n","protected":false},"author":1,"featured_media":0,"parent":0,"menu_order":0,"comment_status":"closed","ping_status":"closed","template":"","meta":{"_exactmetrics_skip_tracking":false,"_exactmetrics_sitenote_active":false,"_exactmetrics_sitenote_note":"","_exactmetrics_sitenote_category":0,"jetpack_post_was_ever_published":false,"two_page_speed":[],"footnotes":""},"categories":[9],"tags":[],"class_list":["post-232","page","type-page","status-publish","hentry","category-bedbodems"],"jetpack_shortlink":"https:\/\/wp.me\/P5fuMi-3K","jetpack_likes_enabled":true,"jetpack-related-posts":[{"id":138,"url":"https:\/\/allsleep.be\/?page_id=138","url_meta":{"origin":232,"position":0},"title":"Verenmatrassen","author":"allsleep","date":"november 4, 2014","format":false,"excerpt":"\u00a0 Recoil\u00ae Pocketveren De\u00a0Recoil\u00ae-veren zijn tonvormig en behouden onder elke hoekbelasting dezelfde prestaties: krachtig, evenredige en bl\u0133vende hypertensie of terugveerkracht. Ze garanderen een maximale ondersteuning t\u0133dens het slapen en een begeleidende stuwkracht t\u0133dens het bewegen in de slaap. De speciale voorspanning gaat bovendien kuilvorming tegen. Recoil\u00ae tonvormig individuele werking bevat\u2026","rel":"","context":"In &quot;Matrassen&quot;","block_context":{"text":"Matrassen","link":"https:\/\/allsleep.be\/?cat=6"},"img":{"alt_text":"","src":"https:\/\/i0.wp.com\/allsleep.be\/wp-content\/uploads\/2019\/03\/recoil-pocketveren-115.jpg?resize=350%2C200","width":350,"height":200,"srcset":"https:\/\/i0.wp.com\/allsleep.be\/wp-content\/uploads\/2019\/03\/recoil-pocketveren-115.jpg?resize=350%2C200 1x, https:\/\/i0.wp.com\/allsleep.be\/wp-content\/uploads\/2019\/03\/recoil-pocketveren-115.jpg?resize=525%2C300 1.5x, https:\/\/i0.wp.com\/allsleep.be\/wp-content\/uploads\/2019\/03\/recoil-pocketveren-115.jpg?resize=700%2C400 2x, https:\/\/i0.wp.com\/allsleep.be\/wp-content\/uploads\/2019\/03\/recoil-pocketveren-115.jpg?resize=1050%2C600 3x"},"classes":[]},{"id":185,"url":"https:\/\/allsleep.be\/?page_id=185","url_meta":{"origin":232,"position":1},"title":"Schuimmatrassen","author":"allsleep","date":"november 4, 2014","format":false,"excerpt":"De kern van een schuimmatras bestaat uit \u00e9\u00e9n groot blok schuim. We bekijken dadelijk hoe dat schuim eruitziet en welke soorten er allemaal bestaan, maar eerst sommen we de factoren op die bepalend zijn voor de kwaliteit van de matras. 1. Dichtheid Onder de dichtheid of densiteit verstaan we het\u2026","rel":"","context":"In &quot;Matrassen&quot;","block_context":{"text":"Matrassen","link":"https:\/\/allsleep.be\/?cat=6"},"img":{"alt_text":"","src":"https:\/\/i0.wp.com\/allsleep.be\/wp-content\/uploads\/2014\/11\/schuimrubber-300x240.jpg?resize=350%2C200","width":350,"height":200},"classes":[]},{"id":107,"url":"https:\/\/allsleep.be\/?page_id=107","url_meta":{"origin":232,"position":2},"title":"De basics van een goed bed","author":"allsleep","date":"november 4, 2014","format":false,"excerpt":"\u00a0 Conformiteit, hardheid, warmte-isolatie en vochtregulatie : die vier eigenschappen van het bed zijn fundamenteel voor een goede nachtrust. Conformiteit Conformiteit geeft aan hoe goed je slaapsysteem zich aanpast aan je lichaamsvormen, rekening houdend met de verdeling van je gewicht over je lichaam. Hardheid Hardheid geeft aan hoe diep we\u2026","rel":"","context":"In &quot;Gezond slapen&quot;","block_context":{"text":"Gezond slapen","link":"https:\/\/allsleep.be\/?cat=1"},"img":{"alt_text":"","src":"https:\/\/i0.wp.com\/allsleep.be\/wp-content\/uploads\/2019\/03\/basica.jpg?resize=350%2C200","width":350,"height":200,"srcset":"https:\/\/i0.wp.com\/allsleep.be\/wp-content\/uploads\/2019\/03\/basica.jpg?resize=350%2C200 1x, https:\/\/i0.wp.com\/allsleep.be\/wp-content\/uploads\/2019\/03\/basica.jpg?resize=525%2C300 1.5x, https:\/\/i0.wp.com\/allsleep.be\/wp-content\/uploads\/2019\/03\/basica.jpg?resize=700%2C400 2x, https:\/\/i0.wp.com\/allsleep.be\/wp-content\/uploads\/2019\/03\/basica.jpg?resize=1050%2C600 3x"},"classes":[]},{"id":526,"url":"https:\/\/allsleep.be\/?page_id=526","url_meta":{"origin":232,"position":3},"title":"Matrasbeschermers","author":"allsleep","date":"januari 28, 2015","format":false,"excerpt":"Beschermers Wij werken met verschillende soorten matrasbeschermers die beschikbaar zijn in alle\u00a0gebruikelijke afmetingen (ook eventueel maatwerk): Moltons zijn de meest gebruikte soorten. Meestal zit er stretch verwerkt in de hedendaagse moltons om ze beter te laten aansluiten\u00a0aan de vorm van de matras. Ook voor uw kussen kunt u een moltonbeschermer\u2026","rel":"","context":"Soortgelijk bericht","block_context":{"text":"Soortgelijk bericht","link":""},"img":{"alt_text":"","src":"","width":0,"height":0},"classes":[]},{"id":213,"url":"https:\/\/allsleep.be\/?page_id=213","url_meta":{"origin":232,"position":4},"title":"Natuurlatex","author":"allsleep","date":"november 18, 2014","format":false,"excerpt":"\u00a0 \u00a0 Natuurlatex Natuurlatex wordt gemaakt van het sap van de rubberboom. Ook autobanden en condooms zijn vervaardigd van dit materiaal. Een natuurlatexmatras bestaat voor 50 tot 95 procent uit natuurlijk rubber, aangevuld met andere stoffen, onder meer om het materiaal blijvend elastisch te houden. Matrassen met een hoog gehalte\u2026","rel":"","context":"In &quot;Matrassen&quot;","block_context":{"text":"Matrassen","link":"https:\/\/allsleep.be\/?cat=6"},"img":{"alt_text":"","src":"","width":0,"height":0},"classes":[]},{"id":809,"url":"https:\/\/allsleep.be\/?page_id=809","url_meta":{"origin":232,"position":5},"title":"Mybed matrassen","author":"allsleep","date":"november 5, 2016","format":false,"excerpt":"Uw vorm is onze norm Het ultieme slaapcomfort op maat van uw lichaam Mybed matrassen beantwoorden aan de hoge eis om de ondersteuning van uw lichaam perfect en naadloos aan te laten sluiten op de vorm van uw lichaam. Om op een later tijdstip rugklachten te vermijden is het belangrijk\u2026","rel":"","context":"Soortgelijk bericht","block_context":{"text":"Soortgelijk bericht","link":""},"img":{"alt_text":"","src":"https:\/\/i0.wp.com\/allsleep.be\/wp-content\/uploads\/2019\/03\/uw-vorm-is-onze-norm-157.jpg?resize=350%2C200","width":350,"height":200,"srcset":"https:\/\/i0.wp.com\/allsleep.be\/wp-content\/uploads\/2019\/03\/uw-vorm-is-onze-norm-157.jpg?resize=350%2C200 1x, https:\/\/i0.wp.com\/allsleep.be\/wp-content\/uploads\/2019\/03\/uw-vorm-is-onze-norm-157.jpg?resize=525%2C300 1.5x, https:\/\/i0.wp.com\/allsleep.be\/wp-content\/uploads\/2019\/03\/uw-vorm-is-onze-norm-157.jpg?resize=700%2C400 2x, https:\/\/i0.wp.com\/allsleep.be\/wp-content\/uploads\/2019\/03\/uw-vorm-is-onze-norm-157.jpg?resize=1050%2C600 3x"},"classes":[]}],"jetpack_sharing_enabled":true,"_links":{"self":[{"href":"https:\/\/allsleep.be\/index.php?rest_route=\/wp\/v2\/pages\/232","targetHints":{"allow":["GET"]}}],"collection":[{"href":"https:\/\/allsleep.be\/index.php?rest_route=\/wp\/v2\/pages"}],"about":[{"href":"https:\/\/allsleep.be\/index.php?rest_route=\/wp\/v2\/types\/page"}],"author":[{"embeddable":true,"href":"https:\/\/allsleep.be\/index.php?rest_route=\/wp\/v2\/users\/1"}],"replies":[{"embeddable":true,"href":"https:\/\/allsleep.be\/index.php?rest_route=%2Fwp%2Fv2%2Fcomments&post=232"}],"version-history":[{"count":3,"href":"https:\/\/allsleep.be\/index.php?rest_route=\/wp\/v2\/pages\/232\/revisions"}],"predecessor-version":[{"id":755,"href":"https:\/\/allsleep.be\/index.php?rest_route=\/wp\/v2\/pages\/232\/revisions\/755"}],"wp:attachment":[{"href":"https:\/\/allsleep.be\/index.php?rest_route=%2Fwp%2Fv2%2Fmedia&parent=232"}],"wp:term":[{"taxonomy":"category","embeddable":true,"href":"https:\/\/allsleep.be\/index.php?rest_route=%2Fwp%2Fv2%2Fcategories&post=232"},{"taxonomy":"post_tag","embeddable":true,"href":"https:\/\/allsleep.be\/index.php?rest_route=%2Fwp%2Fv2%2Ftags&post=232"}],"curies":[{"name":"wp","href":"https:\/\/api.w.org\/{rel}","templated":true}]}}